 14 = 0. Suppose -p - 2*w + 7 = s*w, p - w = 12. What is the remainder when 31 is divided by p?
9
Let m = -2 - 0. Let g be m*1 - -1 - -7. What is the remainder when 21 is divided by g/(-15) + (-42)/(-5)?
5
Suppose 0 = 5*v + 6 - 76. What is the remainder when 27 is divided by v?
13
What is the remainder when 125 is divided by (80/(-5))/(1/(-2))?
29
Suppose 9 = 3*d, 5*l - d = d + 94. What is the remainder when 98 is divided by l?
18
Let v(u) = 13*u + 7. Let x be v(5). Suppose 4*o + 5*f - 319 = 0, -3*f - x = 3*o - 309. Calculate the remainder when o is divided by 26.
24
Suppose 4*l = 39 - 3. What is the remainder when l is divided by (10/3)/(6/9)?
4
Let x(y) = y - 3. Let d be x(5). Let r(l) = l**3 + 6*l**2 + 4*l + 9. What is the remainder when r(-5) is divided by (-1)/3*(d + -17)?
4
Let y(m) = -m**2 + 4*m + 2. Calculate the remainder when 2/(1 - (-4)/(-12)) is divided by y(4).
1
Let h = 112 - 75. What is the remainder when h is divided by 19?
18
Suppose -3*h + 3*d = 12, 0 = 2*d - 0*d - 10. Suppose 4*q - 10 = -q. What is the remainder when q is divided by h?
0
Suppose -3*w = -3*r - 5*w + 29, 16 = 4*w. Calculate the remainder when 24 is divided by r.
3
Let d(y) = -4*y**2 + 16*y**2 + 2 + y - 2. Calculate the remainder when 50 is divided by d(1).
11
Let u(s) be the second derivative of -s**5/20 + 5*s**4/12 - 3*s**2/2 + 4*s. Let r(t) = -7*t + 3. Calculate the remainder when r(-3) is divided by u(4).
11
Suppose 3*u - 64 = 1502. Suppose -f = -3*f - u. Calculate the remainder when (f/(-3))/((-9)/(-6)) is divided by 20.
18
Let n = 20 + -7. Let a = 9 - 6. Suppose -5*s - 3*r + 120 = 0, 0*s = 2*s + a*r - 48. Calculate the remainder when s is divided by n.
11
Let g be (1 - 1 - -3)/1. Suppose s = 4*a - 5, -a + g*s - 15 = -4*a. Suppose -3*c = -6 - 3. Calculate the remainder when c is divided by a.
1
Let x = 2 - -1. Suppose -24 = x*d - 75. Suppose 5 = n - 4. What is the remainder when d is divided by n?
8
Suppose 5*f - 7*f + 12 = 0. Suppose -p - f*t + 5*t = -8, -5*t + 24 = p. What is the remainder when 15 is divided by p?
3
Let z = 61 + -55. Calculate the remainder when 17 is divided by z.
5
Suppose -c - 3 = -36. Let k(p) = -p + 4. What is the remainder when c is divided by k(-5)?
6
What is the remainder when 33 is divided by (-2)/4 - 162/(-12)?
7
Suppose 6*w - 2*w + 196 = 0. Let i = w + 71. What is the remainder when 66 - 3/(-6)*-4 is divided by i?
20
Let x = -733 + 123. Calculate the remainder when x/(-8) + (-33)/(-44) is divided by 20.
17
Let a(h) = h**3 - h**2 + h - 6. Let x be a(0). Suppose -3 = -5*f + 12. What is the remainder when 2/f - 8/x is divided by 2?
0
Suppose i - 5 = -0. Let y = 4 - 6. Calculate the remainder when i is divided by 0*1/y - -3.
2
Suppose -4*r + 10 = -6. Let a(q) = 12*q**3 - 2*q**2 + 2*q - 1. Calculate the remainder when a(1) is divided by r.
3
Suppose -23 = f + y + 4*y, 0 = -4*f - 3*y - 7. Suppose -5*g + 21 = f*v, 0*g = g - 1. What is the remainder when 15 is divided by v?
7
Suppose -5*g + 5 = -5. Suppose -4*q - 12 = h, 2 = -g*h - q + 6. Calculate the remainder when 1/2 + (-9)/(-2) is divided by h.
1
Let u(h) = -h**3 - 1 + 0*h**2 - 3*h**2 + 3. Let g be u(-2). What is the remainder when 13 is divided by 14/g*1*-1?
6
Suppose 6*h - 34 = 32. Calculate the remainder when 28 is divided by h.
6
Let h = 9 - -4. Calculate the remainder when 23 is divided by h.
10
Let d = -1 - 1. Let y(j) = -j**2 - 4*j. What is the remainder when 1/(-3) - 95/(-15) is divided by y(d)?
2
Suppose 8*q = 158 + 2. Suppose j - 249 = -2*j - 3*h, j - 4*h - 58 = 0. Calculate the remainder when j is divided by q.
18
Let y = 8 - -104. Calculate the remainder when y is divided by 38.
36
Let j(h) = h + 84. What is the remainder when j(6) is divided by 24?
18
Let d(l) = 2*l**2 - 6*l + 6. Suppose 2*f = 6*f - 16. What is the remainder when d(f) is divided by 6?
2
Let n be (-14 + 16)/(1/18). Let l = n + 19. What is the remainder when l is divided by 14?
13
What is the remainder when 59 is divided by (-8)/(-6)*(0 + 0 - -9)?
11
Let v = -119 - -129. Calculate the remainder when 29 is divided by v.
9
Let x(f) = f**3 - 2*f**2 - f - 2. Let v be x(3). What is the remainder when 4 is divided by (-4)/(-6) - v/(-3)?
0
Let o(m) = -13*m + 78. What is the remainder when o(-8) is divided by 23?
21
Let v = 15 + 1. What is the remainder when 31 is divided by v?
15
Calculate the remainder when 12 is divided by (1 - 4) + (5 - -3).
2
Suppose 6*r = 3*r + 3. Suppose 9 = -0*o - o. Let j = r - o. What is the remainder when j is divided by 6?
4
Let k(s) = 8*s**2 + s - 1. Let d(x) = x**2 + 4*x - 4. Let z be d(-5). Calculate the remainder when k(z) is divided by 5.
3
Let d = -101 + 218. What is the remainder when d is divided by 40?
37
Let j(g) = g**3 + 7*g**2 + 4*g + 4. Let r be j(-6). Suppose 0*d = -2*d + r. Suppose 0 = 2*u - d - 20. Calculate the remainder when 40 is divided by u.
12
Suppose 4*k - 5*y = 67, 0*k = -2*k + 5*y + 31. Calculate the remainder when 70 is divided by k.
16
Suppose -4*l + 8*l = 96. What is the remainder when 46 is divided by l?
22
Let k = 52 + -38. Calculate the remainder when 27 is divided by k.
13
What is the remainder when 8*(-1)/4*-4 is divided by 5?
3
Suppose 0 = 4*m + 2*l - 18, 2*m + 30 = 7*m + 5*l. Calculate the remainder when 24 is divided by 10 - 2/(5 - m).
6
Suppose 32 + 33 = 5*l. Let a(j) = -23*j - 2. Let u be a(-3). Let q = u - 42. Calculate the remainder when q is divided by l.
12
Let n = -18 + 60. Suppose y = -3 + 18. What is the remainder when n is divided by y?
12
Suppose -4*x - x - 175 = -5*w, 71 = 2*w - 3*x. Suppose 10*b + 58 = 178. What is the remainder when w is divided by b?
10
Let t(x) = 24*x**2 + 1. Calculate the remainder when (3*(-15)/10)/((-1)/22) is divided by t(1).
24
Let w(y) = 8*y + 7. Let q(c) = -7*c - 6. Let h(v) = 5*q(v) + 4*w(v). Calculate the remainder when h(-8) is divided by 12.
10
Suppose 0 = 2*m - 17 - 13. Suppose 4*j + 220 + 48 = -4*r, -5*r = -3*j - 217. Let y = -25 - j. What is the remainder when y is divided by m?
14
Let v = -1 + 3. Suppose -4*k = -v*k - 34. What is the remainder when 12*12*(-6)/(-27) is divided by k?
15
Let w be 4/(-2) - 4*-3. Suppose -2*a = 3*a + w. Calculate the remainder when (a/(-4))/((-1)/(-74)) is divided by 13.
11
Let x(g) = -2*g - 12. Let a be x(-8). Suppose a*w = 5*w - 103. What is the remainder when w is divided by 35?
33
Suppose 5*c + 34 = 3*i + 8, -30 = -5*i + 5*c. Suppose -l - 27 = -i*w - 0*l, 2*w = -l + 25. Let m = -28 - -52. Calculate the remainder when m is divided by w.
11
Suppose 0 = 2*j - 3*g - 49, -5*j - 3*g + 111 = g. Suppose -i + 69 = l, 260 = -i + 5*i - 4*l. Calculate the remainder when i is divided by j.
21
Let r(l) = l**3 - 5*l**2 + 5*l + 8. What is the remainder when 129 is divided by r(5)?
30
Let x = -21 - -42. Let c(z) = z - 9. Let d be c(5). What is the remainder when x is divided by d*((-1)/2 - 1)?
3
Let x = -7 - -8. Suppose s - 12 + x = 0. What is the remainder when 31 is divided by s?
9
Let o(s) be the second derivative of 8*s**3/3 + 2*s**2 - 2*s. Let b be o(7). Suppose -3*a - a = -b. What is the remainder when a is divided by 10?
9
Let s = -4 - -26. Let i(w) = 4 - 3 - 3 + 5*w. What is the remainder when s is divided by i(2)?
6
Let s be (-4)/((-3)/(-42)*-4). What is the remainder when 2/7 - (-332)/14 is divided by (s - (0 - -3)) + 2?
11
Suppose -4*d + d + 6 = 0. Suppose -3*z = -3*x + 2*z + 88, -56 = -2*x + d*z. Let b(w) = -w**2 + 9*w. Calculate the remainder when x is divided by b(7).
12
Suppose 0 = 4*x - 3*j - 27, -4*x + 3 = -5*j - 18. Let h = 48 + -33. What is the remainder when h is divided by x?
6
Suppose -16*n = -6*n - 390. What is the remainder when n is divided by 12?
3
Let n = -3 + 1. What is the remainder when n/4*(-2 - 12) is divided by 4?
3
Let k = 56 + -10. What is the remainder when 134 is divided by k?
42
Suppose -y = -5*y + 160. Suppose -3*q + 4*q - 2 = 0. Calculate the remainder when y is divided by (-22)/(-1) + q + -3.
19
Let r(a) = a + 4. Let w be r(0). Suppose 2*x - x = -w. Let q(h) = -h + 5. Calculate the remainder when q(x) is divided by 3.
0
Calculate the remainder when 35 is divided by (10/(-15))/(2/(-27)).
8
Let y = -49 - -85. Calculate the remainder when 107 is divided by y.
35
Let w = -4 + 20. Let n be (7 + -2)*w/10. What is the remainder when 9/12 - (-346